 1901064?
6
What is the millions digit of 15491487?
5
What is the hundreds digit of 3532315?
3
What is the hundreds digit of 244715?
7
What is the hundred thousands digit of 176549?
1
What is the ten thousands digit of 2170112?
7
What is the tens digit of 139831?
3
What is the tens digit of 33254552?
5
What is the ten thousands digit of 3115117?
1
What is the ten thousands digit of 37840?
3
What is the tens digit of 2608020?
2
What is the thousands digit of 139826?
9
What is the hundreds digit of 114856?
8
What is the thousands digit of 133079?
3
What is the tens digit of 1593937?
3
What is the hundreds digit of 592120?
1
What is the ten thousands digit of 152174?
5
What is the hundred thousands digit of 13888371?
8
What is the tens digit of 6007484?
8
What is the tens digit of 1422181?
8
What is the thousands digit of 605211?
5
What is the hundred thousands digit of 2664552?
6
What is the hundred thousands digit of 606479?
6
What is the ten thousands digit of 1785739?
8
What is the thousands digit of 4253281?
3
What is the tens digit of 1300111?
1
What is the tens digit of 33547?
4
What is the ten thousands digit of 11399746?
9
What is the thousands digit of 1549036?
9
What is the tens digit of 44413?
1
What is the thousands digit of 6101309?
1
What is the tens digit of 114383?
8
What is the ten thousands digit of 3940831?
4
What is the ten thousands digit of 4327654?
2
What is the tens digit of 456692?
9
What is the tens digit of 735982?
8
What is the thousands digit of 118500?
8
What is the tens digit of 451074?
7
What is the thousands digit of 21722735?
2
What is the hundreds digit of 705529?
5
What is the tens digit of 1223108?
0
What is the units digit of 4464825?
5
What is the tens digit of 277540?
4
What is the units digit of 7199582?
2
What is the hundred thousands digit of 4734317?
7
What is the tens digit of 9077456?
5
What is the hundred thousands digit of 1021006?
0
What is the hundreds digit of 1327394?
3
What is the units digit of 16490676?
6
What is the thousands digit of 260003?
0
What is the thousands digit of 298968?
8
What is the hundred thousands digit of 719301?
7
What is the hundred thousands digit of 104628?
1
What is the millions digit of 5011710?
5
What is the millions digit of 5575328?
5
What is the ten thousands digit of 282767?
8
What is the thousands digit of 718619?
8
What is the thousands digit of 49761?
9
What is the tens digit of 257536?
3
What is the thousands digit of 130633?
0
What is the ten thousands digit of 21659509?
5
What is the ten thousands digit of 1859344?
5
What is the ten thousands digit of 19642035?
4
What is the ten thousands digit of 178820?
7
What is the millions digit of 18793183?
8
What is the ten thousands digit of 1844212?
4
What is the millions digit of 11894297?
1
What is the thousands digit of 467690?
7
What is the ten thousands digit of 199644?
9
What is the ten thousands digit of 1356652?
5
What is the ten millions digit of 22772656?
2
What is the hundred thousands digit of 757733?
7
What is the hundreds digit of 571847?
8
What is the hundred thousands digit of 19872975?
8
What is the hundred thousands digit of 7351408?
3
What is the thousands digit of 86410?
6
What is the ten thousands digit of 1991683?
9
What is the units digit of 625209?
9
What is the thousands digit of 391091?
1
What is the thousands digit of 676179?
6
What is the ten thousands digit of 168453?
6
What is the ten thousands digit of 993030?
9
What is the thousands digit of 73274?
3
What is the ten thousands digit of 342285?
4
What is the units digit of 40667?
7
What is the thousands digit of 1036161?
6
What is the units digit of 3038871?
1
What is the ten thousands digit of 731099?
3
What is the hundreds digit of 1074450?
4
What is the tens digit of 359214?
1
What is the ten thousands digit of 6303333?
0
What is the thousands digit of 723127?
3
What is the thousands digit of 30767755?
7
What is the millions digit of 4214754?
4
What is the ten thousands digit of 1294273?
9
What is the tens digit of 546196?
9
What is the tens digit of 604233?
3
What is the units digit of 63746?
6
What is the hundred thousands digit of 1629965?
6
What is the thousands digit of 627766?
7
What is the thousands digit of 241753?
1
What is the hundred thousands digit of 411730?
4
What is the hundred thousands digit of 516273?
5
What is the hundreds digit of 15613418?
4
What is the ten thousands digit of 13410417?
1
What is the ten thousands digit of 4184938?
8
What is the millions digit of 20945924?
0
What is the units digit of 4767194?
4
What is the tens digit of 33591?
9
What is the hundred thousands digit of 21971498?
9
What is the hundreds digit of 435411?
4
What is the hundred thousands digit of 739695?
7
What is the tens digit of 5366273?
7
What is the ten thousands digit of 8567517?
6
What is the millions digit of 4521406?
4
What is the thousands digit of 7825434?
5
What is the thousands digit of 11996095?
6
What is the ten thousands digit of 2463506?
6
What is the hundreds digit of 125587?
5
What is the tens digit of 15591801?
0
What is the tens digit of 4869015?
1
What is the tens digit of 119143?
4
What is the ten thousands digit of 22993?
2
What is the hundreds digit of 920714?
7
What is the ten thousands digit of 610980?
1
What is the millions digit of 1055363?
1
What is the units digit of 205964?
4
What is the thousands digit of 263749?
3
What is the ten thousands digit of 304679?
0
What is the hundreds digit of 1503928?
9
What is the units digit of 1163231?
1
What is the tens digit of 184716?
1
What is the units digit of 397978?
8
What is the hundreds digit of 164241?
2
What is the ten thousands digit of 2848379?
4
What is the thousands digit of 335063?
5
What is the thousands digit of 30429079?
9
What is the thousands digit of 34304502?
4
What is the thousands digit of 519702?
9
What is the hundred thousands digit of 484984?
4
What is the units digit of 224914?
4
What is the tens digit of 2404315?
1
What is the thousands digit of 934260?
4
What is the ten thousands digit of 47160?
4
What is the ten thousands digit of 1236205?
3
What is the thousands digit of 1229015?
9
What is the hundred thousands digit of 8525789?
5
What is the ten thousands digit of 4535672?
3
What is the ten thousands digit of 4701930?
0
What is the hundred thousands digit of 3500100?
5
What is the ten thousands digit of 762726?
6
What is the millions digit of 2308935?
2
What is the units digit of 7663?
3
What is the ten thousands digit of 17315571?
1
What is the hundreds digit of 6278079?
0
What is the tens digit of 2565512?
1
What is the ten thousands digit of 1384420?
8
What is the tens digit of 972824?
2
What is the units digit of 1497365?
5
What is the units digit of 263132?
2
What is the units digit of 582667?
7
What is the hundred thousands digit of 335498?
3
What is the hundred thousands digit of 2468032?
4
What is the tens digit of 868023?
2
What is the ten thousands digit of 22199411?
9
What is the hundreds digit of 876980?
9
What is the tens digit of 1010414?
1
What is the tens digit of 835576?
7
What is the hundred thousands digit of 4801462?
8
What is the thousands digit of 9049781?
9
What is the ten thousands digit of 13400417?
0
What is the units digit of 452360?
0
What is the thousands digit of 4366262?
6
What is the units digit of 5183373?
3
What is the hundred thousands digit of 5132413?
1
What is the thousands digit of 125146?
5
What is the hundred thousands digit of 732757?
7
What is the hundreds digit of 367952?
9
What is the units digit of 34995816?
6
What is the thousands digit of 3169511?
9
What is the tens digit of 14235097?
9
What is the millions digit of 1209369?
1
What is the millions digit of 7166843?
7
What is the thousands digit of 17423296?
3
What is the tens digit of 537658?
5
What is the hundreds digit of 116543?
5
What is the ten thousands digit of 356537?
5
What is the tens digit of 366387?
8
What is the millions digit of 3013788?
3
What is the tens digit of 625768?
6
What is the hundred thousands digit of 21008750?
0
What is the millions digit of 1968545?
1
What is the ten thousands digit of 1283818?
8
What is the hundred thousands digit of 1098850?
0
What is the units digit of 8542913?
3
What is the hundreds di